w - 2*m = w - 8. Suppose -w*a + 2 = -6. Suppose a*c = 4*f + 4, 2*c + f = -0*c + 11. Give z(c).
-2
Let d(q) be the third derivative of -q**4/12 - 87*q**2. Calculate d(-8).
16
Let f(h) = 2*h**3 + 12*h**2 - 19*h - 26. Let c be f(-7). Let s(u) = u**2 - 16*u + 59. Determine s(c).
-4
Let d = -19 + 6. Let g = d - -15. Let l(k) = 4*k - k**g - 5 - 3*k - 2. Determine l(0).
-7
Let m(k) = 190 - 410 + 205 + k - 2*k + 2*k. Calculate m(5).
-10
Let t(f) be the third derivative of f**4/2 - 5*f**2 + 8. Calculate t(-1).
-12
Let j(f) be the second derivative of -5/6*f**3 - 1/60*f**5 + 0*f**2 + 1/120*f**6 + 0*f**4 + 4*f + 0. Let b(o) be the second derivative of j(o). Give b(2).
8
Let f(h) = h**3 + 4*h**2 + 4*h + 2. Suppose -6*c + 162 = -60*c. Give f(c).
-1
Suppose -4*s + y = 18, 0 = 16*y - 12*y - 8. Let t(n) = 0*n - n - 6 - 2*n. Determine t(s).
6
Let s be (-6)/(-3) + 4 + -3. Let o(p) = 9*p - 2*p**2 - 3*p + 0*p**2 + 1 + s*p**2. Let w be (-217)/42 + 3/(-1 + 19). Determine o(w).
-4
Let m(q) be the second derivative of q**3/3 + 7*q**2/2 - 9*q. Suppose -j - 3*j = 20. Calculate m(j).
-3
Suppose 3*c + 20 = -c. Let k(x) = -10*x**2 + x - 6. Let u(z) = z**2 - 1. Let v(j) = c*u(j) + k(j). Calculate v(1).
-15
Let t(d) = d**3 - 3*d**2 + 2*d - 3. Suppose -12*o + 19 = -5. Determine t(o).
-3
Suppose -9*t + 0 + 9 = 0. Let g be -1 + 4 + (t - 0). Let b(w) = 2*w - 2. Give b(g).
6
Let r(s) be the third derivative of 0*s - s**2 + 0 - 1/8*s**4 + 1/2*s**3. Give r(3).
-6
Let g(t) = -t**2 - 17*t + 37. Let m be g(-19). Let j(z) = -34*z + 1. Determine j(m).
35
Let j(c) = -12 + 3 - 121*c + 117*c. Suppose 2*f - 3*f + q - 9 = 0, 0 = -2*f + 3*q - 21. Calculate j(f).
15
Let v be 10*1/((-5)/(-2)). Suppose 59*a = 64*a - 15. Let p(r) = 5*r**2 + 0*r**3 - 4 - 2*r**3 + r**a - r. Give p(v).
8
Let m(v) be the third derivative of -v**5/60 - v**4/6 + 17*v**2 - 1. Determine m(-3).
3
Let f be 0*(-3)/3*-1. Let i = f - 5. Let a(y) = -y**3 - 6*y**2 - 4*y - 4. Give a(i).
-9
Let s(o) = 7*o**2 - o + 2. Let a be s(1). Let j(l) = 5*l**2 + a*l + l - 2 - l**3 - 2*l - l. Give j(6).
-2
Let h(f) = -5*f + 7*f - 4 - 10 + 10 + f**2. What is h(-4)?
4
Let n(m) = -2*m**2 + 9*m + 9. Let p(z) = -3*z + 3*z**2 - 14 - 7*z - 4*z. Let t(v) = -8*n(v) - 5*p(v). Suppose 40*s + 22 = 51*s. Calculate t(s).
-2
Let w(v) = -v - 7. Let a = 39 + -28. Suppose 0 = -10*h + a*h + 5. Determine w(h).
-2
Let x = 0 + 9. Let w(y) = -2*y + x + 2*y - y - 3. Calculate w(0).
6
Let y(n) = 118 - 191 - 3*n + 90. What is y(7)?
-4
Let c(t) = -t**2 - 15*t - 14. Let o be c(-14). Let p be (2 - o) + 1*-1. Let m(z) = 13*z. Determine m(p).
13
Let y(p) = -p**3 + 3*p + 1. Let f be y(-2). Suppose 36 = 4*i - 4*o, i - 13 = -i + o. Let c(s) = s + 3*s - 2*s - f*s + i. Determine c(0).
4
Let v(m) be the second derivative of 3/2*m**2 - 30*m + 0 - 1/12*m**4 - 3/2*m**3. Calculate v(-9).
3
Let x be (3/(-2))/(1/((-140)/3)). Let d = x + -71. Let i(v) = 2*v. Determine i(d).
-2
Let t(d) = -d - 4. Let b(r) = -4*r - 17. Let y(l) = 2*b(l) - 9*t(l). Let a(x) = 32*x**2 - 1. Let o be a(-1). Let m = 29 - o. Determine y(m).
0
Let v(t) = -4 + 5*t + 0 + 10 - t**2. Suppose 0 = -5*z - 3*d + 6, z - 3*d = 5 + 7. Suppose -z*i = 9 - 24. Give v(i).
6
Let s(c) = 21*c - 35*c + 13*c - 10 + 13. Let l = 16 + -8. Give s(l).
-5
Suppose -5*j - 5*b = 15, 4*b + 15 = 3*j - b. Let w(f) = j + 4*f - f**2 - 2 + 2*f**2 - f**3 + 0. Let c(v) = -v - 1. Let u(d) = -4*c(d) - w(d). Calculate u(0).
6
Suppose -4 - 12 = 4*z, 3*m = 5*z + 35. Let i(g) = -2*g + 4. Let k(s) = 11*s - 12. Let n(v) = -6*i(v) - k(v). Determine n(m).
-7
Let h(f) = f**2 + 2. Let a(y) = y**2 - 3*y - 56. Let s be a(8). Let g be (-102)/16 - 6/s - -2. Calculate h(g).
18
Let z(p) be the second derivative of -1/2*p**3 - 16*p - 1/12*p**4 + 0 + 1/2*p**2. Determine z(2).
-9
Let g(m) be the first derivative of m**3 + 5*m**2 + 7*m + 19. Let i(a) = 4*a**2 + 11*a + 8. Let x(b) = -3*g(b) + 2*i(b). What is x(-4)?
11
Suppose 0 = -5*f + 15, 2*l - 3*f - 9 = -6. Let r(i) = i**2 + i. Let u(w) = -w**3 + 11*w**2 + 14*w + 5. Let t(a) = -6*r(a) + u(a). What is t(l)?
17
Let k(o) = o + 2. Let d(j) = 15*j + 7. Let f(h) = d(h) - 3*k(h). Determine f(-3).
-35
Let z(c) = c + 1. Suppose 11 = -0*q + 2*q + 3*a, 3*a = -9. Calculate z(q).
11
Let g(o) = o + 6. Let l be g(-6). Suppose -15 = -5*d - l. Let r = -1 - d. Let w(z) = -2*z**2 - 7*z - 6. What is w(r)?
-10
Let o(j) = 0*j**2 + 21*j - j**2 - 11*j - 8*j + 2*j**2 - 14. Calculate o(0).
-14
Let r(h) = -3*h**2 + 3*h - 2. Let u(m) = -2*m**2 + 2*m - 2. Let k(w) = -3*r(w) + 4*u(w). What is k(2)?
0
Let w(c) be the first derivative of -c**2 - 11*c - 479. Suppose -2*l - 11 - 7 = 0. What is w(l)?
7
Let n(r) = -r - 10 + 1 + 1. Let u be n(-6). Let s(i) be the first derivative of 5*i**2/2 + 3*i + 292. Determine s(u).
-7
Let b(p) = p + 26*p**2 + 11*p**3 - 10*p**3 - 40*p**2 + 20*p**2 - 2. Determine b(-4).
26
Let w(i) = 2 - 3 + 11*i - 13*i + i**2. Suppose -11 = -7*o + 3. Determine w(o).
-1
Let p(m) = m + 7*m**2 - 4*m**2 - 1 - 4*m**2 - 5*m. Let j(i) = 3*i + 10. Let d be j(-5). Calculate p(d).
-6
Let a be (-3 + (-22)/(-6))/(6/27). Suppose a*o = -8 - 4. Let b(t) = -t**3 - 5*t**2 - t + 3. What is b(o)?
-9
Suppose 0 = -5*b + 6*b - 3, -5*b = 5*p - 5. Let s(w) = -w**3 - w**2 - 2*w - 3. Let r be s(p). Suppose r*n + 15 - 5 = 0. Let t(l) = -l - 1. Give t(n).
1
Let q(s) = -s - 2. Suppose 46 = 2*f + 5*t - t, 3*f = -4*t + 65. Suppose f*g - 20 = 24*g. Determine q(g).
2
Let v(h) = -h**2 - 10*h + 29. Suppose -122 = -43*j - 638. What is v(j)?
5
Let p(j) = -21*j**2 - 5*j - 52. Let n(h) = 5*h**2 + h + 13. Let y(b) = -9*n(b) - 2*p(b). Let l(r) be the first derivative of y(r). Calculate l(1).
-5
Let x(i) = -57*i - 115. Let f be x(-2). Let j(a) = 13*a**3 - a - 1. What is j(f)?
-13
Suppose -2*n = 3*n - 5. Let h(k) = 50*k**2 - 14*k**2 + 2 - 21*k**2 - 3. Give h(n).
14
Suppose -3*o + 4*i + 7 = 0, 89*o + 3*i + 6 = 91*o. Let k(z) = 16*z + 7. What is k(o)?
-41
Let n be (-9)/3*(-2 - -3)*1. Let k be n - 1 - (7 + -13). Let l(w) = w**2 - 1. What is l(k)?
3
Let w be (-1 - (-1 + 1)) + 6. Suppose -10 = -9*r + 4*r + w*n, 10 = -3*r - 5*n. Let g(t) = 0 + 0 + 2 + r + t**2 - 2*t. Give g(3).
5
Suppose -4544 = -3*h - 5*z, 4546 = 3*h + 3*z + z. Let n(b) = 4*b + h*b**2 - 1519*b**2 + 2*b + 6. Let u = -9 + 15. What is n(u)?
6
Let n(c) = -2*c**3 + 3*c**2 - 2*c. Let f = -11 + 1. Let i(w) = w + 11. Let u be i(f). Let r be 1 - (u + 0 + -2). Give n(r).
-8
Let y(t) = -t**2 - 15*t + 100 - 45 - 16. What is y(-17)?
5
Let i(a) be the first derivative of -a**3/3 + a**2 + 14*a + 212. Calculate i(6).
-10
Let i = 647 - 653. Let u(p) = 4*p - 5. What is u(i)?
-29
Suppose 4*b - 48 + 72 = 0. Let l(p) = p**2 + 9*p + 12. What is l(b)?
-6
Let x be 4 + (4/1 - -2). Let s be (-7 + 1)*x/15. Let j(g) = -3*g**3 + 5*g**2 - g - 3. Let m(n) = -n**3 - n - 1. Let r(f) = -j(f) + 4*m(f). Determine r(s).
-5
Let i = 470 - 469. Let v(f) be the first derivative of -2*f + 1/2*f**2 + i. Give v(2).
0
Suppose r + 5 + 1 = 0. Let n(t) = -3*t**3 + 6*t**2 - 3*t + 12. Let u = 2 - -2. Let c(y) = -y**3 - y + 1. Let g(v) = u*c(v) - n(v). Calculate g(r).
-2
Let m be (-8)/(-24) + (-13)/3. Let z be (-105)/28 - (-1)/m. Let w(i) = -i**3 - 4*i**2 + i + 3. Calculate w(z).
-1
Let u = -36 + 47. Let h(o) = u + 12 - o - 17. Give h(6).
0
Let l(s) be the third derivative of 5*s**4/24 + s**3/3 - 195*s**2. Determine l(-2).
-8
Let w(j) be the first derivative of -9*j**2/2 - 2*j - 75. Calculate w(-2).
16
Let c(m) be the third derivative of m**4/24 + 5*m**3/6 - m**2. Let t be c(0). Let y(n) be the first derivative of -n**2/2 + n - 79. Determine y(t).
-4
Let g(f) = -9*f. Suppose -4*l + 9 = 5*l. Calculate g(l).
-9
Let d(m) = -m**2 - 2*m - 3. Let y = -910 + 913. Suppose -r + 2*l + 6 = 0, r - 1 + 10 = -3*l. Let n = r - y. What is d(n)?
-6
Let j = -3 - -5. Let i(z) = -2*z + 4*z**3 + 0*z - z**2 - 3*z**3 - j + 3*z. Suppose -3*d - 3*m - 4 = -5*m, 10 = -4*d + 5*m. What is i(d)?
-2
Let q(c) = 7*c - 4. Let b(w) = -3*w + 2. Let t(k) = 7*b(k) + 4*q(k). Calculate t(-2).
-16
Suppose 0 = -2*j - 3*d - 2, -3*j + 3*d = -0*d - 12. Let h(w) = w + 2. Give h(j).
4
Let k(o) = 2 + o**3 - 4*o - 2*o**2 - 3 + 0. Suppose -2*a = 2*l - 6, l = -2*a - 0 + 7. Suppose -3*n + 5 = 4*c, -4*c + 7 + 1 = a*n. What is k(n)?
-4
Suppose 2*d + 4*l = 40, -5*d + 25 = -5*l - 0. Let q be (-6)/d + (-8)/20. Le